e
Does 6 divide 462?
True
Does 37 divide 13733?
False
Does 129 divide 10062?
True
Is 78 a factor of 858?
True
Is 16155 a multiple of 66?
False
Is 140 a factor of 10123?
False
Does 73 divide 2336?
True
Does 11 divide 87934?
True
Is 9 a factor of 3340?
False
Does 60 divide 1500?
True
Is 136 a multiple of 2?
True
Is 1416 a multiple of 12?
True
Does 70 divide 4760?
True
Is 29 a factor of 4872?
True
Is 36 a multiple of 9?
True
Is 15588 a multiple of 12?
True
Is 586 a multiple of 16?
False
Is 10689 a multiple of 120?
False
Does 44 divide 2854?
False
Does 38 divide 8309?
False
Is 1169 a multiple of 7?
True
Is 6084 a multiple of 18?
True
Does 22 divide 13046?
True
Does 13 divide 135?
False
Is 6 a factor of 2312?
False
Is 507 a multiple of 39?
True
Does 112 divide 34355?
False
Does 74 divide 518?
True
Is 18 a factor of 1315?
False
Is 161 a factor of 36607?
False
Is 773 a multiple of 15?
False
Does 44 divide 3066?
False
Is 50 a factor of 11700?
True
Does 7 divide 372?
False
Is 3127 a multiple of 44?
False
Is 29 a factor of 406?
True
Does 16 divide 10048?
True
Is 79 a factor of 3787?
False
Is 81 a factor of 39983?
False
Does 60 divide 8160?
True
Is 3 a factor of 12065?
False
Is 386 a multiple of 46?
False
Does 11 divide 8485?
False
Is 140 a factor of 1120?
True
Is 52 a factor of 780?
True
Does 134 divide 804?
True
Does 121 divide 4961?
True
Is 59 a factor of 5059?
False
Is 21216 a multiple of 32?
True
Is 17 a factor of 99965?
False
Is 60 a factor of 1500?
True
Is 10948 a multiple of 46?
True
Is 1042 a multiple of 74?
False
Is 20 a factor of 3296?
False
Does 15 divide 8433?
False
Is 15 a factor of 2010?
True
Is 11 a factor of 4061?
False
Does 9 divide 97?
False
Is 57250 a multiple of 30?
False
Is 8232 a multiple of 12?
True
Is 11 a factor of 2552?
True
Does 25 divide 900?
True
Is 58486 a multiple of 74?
False
Does 21 divide 45864?
True
Is 1113 a multiple of 53?
True
Is 160 a factor of 32921?
False
Is 16617 a multiple of 249?
False
Is 91 a factor of 25207?
True
Is 33 a factor of 275?
False
Is 51 a multiple of 6?
False
Is 35 a factor of 770?
True
Is 218 a multiple of 9?
False
Does 4 divide 140?
True
Does 86 divide 1416?
False
Is 66 a factor of 924?
True
Does 16 divide 29184?
True
Does 11 divide 3024?
False
Does 13 divide 169?
True
Does 2 divide 467?
False
Is 5168 a multiple of 25?
False
Is 1767 a multiple of 31?
True
Is 13 a factor of 20111?
True
Is 1910 a multiple of 12?
False
Is 81 a factor of 84159?
True
Is 27 a factor of 14603?
False
Does 43 divide 1075?
True
Is 572 a multiple of 16?
False
Is 4675 a multiple of 13?
False
Does 9 divide 40?
False
Does 8 divide 5000?
True
Is 3192 a multiple of 96?
False
Does 12 divide 1649?
False
Is 5 a factor of 13?
False
Does 67 divide 1955?
False
Does 236 divide 50032?
True
Is 58 a factor of 4350?
True
Is 29913 a multiple of 34?
False
Is 994 a multiple of 71?
True
Is 62 a factor of 31096?
False
Is 12 a factor of 4020?
True
Is 42350 a multiple of 35?
True
Is 39 a factor of 4836?
True
Does 27 divide 1026?
True
Does 84 divide 30828?
True
Is 13 a factor of 10530?
True
Is 6 a factor of 318?
True
Is 1560 a multiple of 20?
True
Is 22 a factor of 965?
False
Does 16 divide 5377?
False
Does 16 divide 1216?
True
Is 10 a factor of 8690?
True
Does 17 divide 7234?
False
Is 124 a multiple of 16?
False
Does 9 divide 1314?
True
Is 3941 a multiple of 7?
True
Does 7 divide 389?
False
Is 19 a factor of 1771?
False
Is 12 a factor of 2544?
True
Is 456 a multiple of 24?
True
Does 4 divide 9533?
False
Does 12 divide 798?
False
Is 288 a multiple of 18?
True
Is 11615 a multiple of 26?
False
Is 232 a factor of 10208?
True
Is 50 a factor of 44800?
True
Is 505 a multiple of 101?
True
Is 12 a factor of 16824?
True
Is 2862 a multiple of 54?
True
Is 14 a factor of 1260?
True
Is 1939 a multiple of 4?
False
Is 17627 a multiple of 11?
False
Does 13 divide 2964?
True
Is 49 a factor of 931?
True
Does 8 divide 11840?
True
Does 84 divide 4788?
True
Is 187 a factor of 7106?
True
Is 46 a factor of 386?
False
Does 28 divide 338?
False
Is 1160 a multiple of 29?
True
Does 89 divide 1335?
True
Is 10 a factor of 328?
False
Is 610 a multiple of 10?
True
Is 210 a multiple of 42?
True
Does 58 divide 28594?
True
Is 1795 a multiple of 5?
True
Is 17 a factor of 935?
True
Is 1300 a multiple of 25?
True
Is 1131 a multiple of 18?
False
Is 9 a factor of 332?
False
Is 57 a factor of 6213?
True
Is 2 a factor of 2945?
False
Is 15 a factor of 687?
False
Is 394 a multiple of 19?
False
Is 70 a factor of 558?
False
Is 46 a factor of 65366?
True
Does 117 divide 29952?
True
Is 1286 a multiple of 87?
False
Does 21 divide 378?
True
Does 23 divide 7429?
True
Does 35 divide 12425?
True
Is 9270 a multiple of 31?
False
Does 10 divide 818?
False
Is 814 a multiple of 12?
False
Is 68943 a multiple of 21?
True
Is 12 a factor of 227?
False
Does 106 divide 11660?
True
Is 14 a factor of 1666?
True
Does 8 divide 1560?
True
Does 72 divide 291?
False
Is 14822 a multiple of 114?
False
Does 17 divide 40346?
False
Does 58 divide 116?
True
Does 18 divide 29880?
True
Is 29 a factor of 1009?
False
Is 6 a factor of 582?
True
Does 14 divide 10794?
True
Does 343 divide 155325?
False
Is 9 a factor of 4422?
False
Is 7802 a multiple of 7?
False
Is 111 a factor of 1529?
False
Does 13 divide 353?
False
Is 3776 a multiple of 13?
False
Does 25 divide 619?
False
Is 5 a factor of 889?
False
Is 41 a multiple of 2?
False
Is 37 a factor of 222?
True
Does 53 divide 10272?
False
Is 13 a factor of 1544?
False
Is 136 a factor of 71788?
False
Is 20 a multiple of 10?
True
Is 45 a factor of 72043?
False
Is 660 a multiple of 11?
True
Is 56 a factor of 37307?
False
Does 30 divide 270?
True
Does 25 divide 35022?
False
Is 30676 a multiple of 15?
False
Is 28 a factor of 1036?
True
Is 22224 a multiple of 18?
False
Is 28 a factor of 2238?
False
Is 11716 a multiple of 58?
True
Is 63 a factor of 3133?
False
Is 3744 a multiple of 48?
True
Is 147 a factor of 11512?
False
Does 216 divide 18866?
False
Is 21549 a multiple of 5?
False
Is 169 a factor of 17143?
False
Is 47 a factor of 1551?
True
Is 8 a factor of 1261?
False
Is 12 a factor of 1392?
True
Is 6085 a multiple of 43?
False
Does 46 divide 7416?
False
Does 103 divide 10712?
True
Is 7 a factor of 3080?
True
Is 86 a factor of 6835?
False
Is 409 a multiple of 4?
False
Is 11 a factor of 3036?
True
Is 38 a factor of 3002?
True
Does 46 divide 1150?
True
Is 576 a multiple of 7?
False
Is 103 a factor of 2678?
True
Is 5308 a multiple of 40?
False
Is 1479 a multiple of 14?
False
Is 165 a factor of 20452?
False
Does 61 divide 427?
True
Does 78 divide 4222?
False
Does 12 divide 7853?
False
Is 8 a factor of 65?
False
Does 36 divide 1728?
True
Does 74 divide 9181?
False
Does 43 divide 763?
False
Is 46 a factor of 782?
True
Does 54 divide 88?
False
Is 58897 a multiple of 17?
False
Does 57 divide 22173?
True
Does 18 divide 423?
False
Is 4766 a multiple of 4?
False
Does 12 divide 44018?
False
Is 1019 a multiple of 15?
False
Does 30 divide 420?
True
Does 13 divide 517?
False
Is 7 a factor of 757?
False
Is 5219 a multiple of 11?
False
Is 3078 a multiple of 46?
False
Is 23064 a multiple of 69?
False
Is 73 a factor of 5986?
True
Does 75 divide 8404?
False
Is 15 a factor of 15242?
False
Is 6 a factor of 346?
False
Is 684 a multiple of 36?
True
Is 10 a factor of 620?
True
Is 2710 a multiple of 34?
False
Does 68 divide 158?
False
Is 58526 a multiple of 26?
True
Is 143 a factor of 81367?
True
Is 425 a multiple of 5?
True
Is 6633 a multiple of 86?
False
Is 25290 a multiple of 8?
False
Is 771 a multiple of 53?
False
Is 1586 a multiple of 107?
False
Is 698 a multiple of 7?
False
Is 11 a factor of 5368?
True
Is 368 a multiple of 17?
False
Is 24 a factor of 288?
True
Is 33 a factor of 8411?
False
Does 36 divide 1296?
True
Is 35 a factor of 5611?
False
Does 14 divide 348?
False
Does 9 divide 306?
True
Is 25 a factor of 325?
True
Does 199 divide 21913?
False
Is 6 a factor of 40?
False
Is 554 a multiple of 10?
False
Is 3968 a multiple of 16?
True
Is 28 a factor of 2380?
True
Is 44062 a multiple of 34?
False
Is 92 a factor of 747?
False
Is 923 a multiple of 3?
False
Does 67 divide 6566?
True
Is 9 a factor of 572?
False
Does 90 divide 38880?
True
Does 8 divide 1049?
False
Does 69 divide 1005?
False
Is 7 a factor 